f r(x)?
1
Let w be (-3 - -1)*1/2. What is the units digit of w*(-1 - (-2 + 3))?
2
Let x(a) = 3*a**3 + a**2 - 1. Let t(q) = -q**2 - q + 1. Let o be t(-2). Let g be 0 - 2/2*o. What is the units digit of x(g)?
3
Let i = -4 + 8. Suppose d = i*d - 21. What is the units digit of d?
7
Let o(l) = -l**2. Let z be o(2). Let j be 2/7 + z/14. Suppose 0*t - 4*t = 3*d - 32, 3*d - t - 7 = j. What is the units digit of d?
4
Let q(b) = b - 3. Let o be q(5). Let i be 1/o - (-40)/16. Suppose 0 = -2*p - 3*x + 13, 4*p - x - i - 2 = 0. What is the units digit of p?
2
Let p = 5 + 0. Let c(y) = -y + 3*y - 3*y**2 - 8*y + y**3 + p - 2*y**2. What is the units digit of c(6)?
5
Let y(k) = -17*k**3 - k - 1. Let d be y(-1). Let b = d + -4. What is the units digit of b?
3
Suppose 2*p = -10, -44 - 88 = -3*v - 3*p. What is the tens digit of v?
4
Suppose 2*t = -2*t + 160. Suppose -t = -2*y - 2*y. Suppose -3*g - 1 = -y. What is the units digit of g?
3
Suppose 0 = 3*f + 5*p - 33, 18 = 2*f + 4*p - 2*p. Let d(u) be the third derivative of u**4/8 - u**3 - u**2. What is the tens digit of d(f)?
1
Let g(c) = 13*c - 75. What is the tens digit of g(24)?
3
Let n(o) = -o**2 + 11*o + 4. Suppose l + l + c = 19, -4*l + 59 = -5*c. Let f be n(l). Suppose 5 = f*r - 51. What is the tens digit of r?
1
Let z(h) = -h - 3. What is the tens digit of z(-24)?
2
Let h = 15 + -23. Let z(m) = -m**2 - 11*m - 1. What is the units digit of z(h)?
3
Suppose -8 = j + j - 3*d, -4*d + 26 = 5*j. Suppose 0 = 2*n + j*n - 64. Suppose 7 = -3*m + n. What is the units digit of m?
3
Suppose -w = -3*w + 3*l + 96, 2*w + 3*l - 72 = 0. What is the units digit of w?
2
Let s(h) = -h**2 - 6*h. Let f be -1 + 2 + 9/3. Suppose -6*a + 2*a = -f*y - 4, 4 = -2*a. What is the units digit of s(y)?
9
Suppose 3*p + 2*f - 22 = 11, f - 48 = -5*p. Let x = p - 5. What is the units digit of x?
4
Suppose 0 = 4*l - k - k - 812, -3*k + 1004 = 5*l. What is the hundreds digit of l?
2
Suppose 0 = 3*u - 5*v - 234 + 14, 0 = 5*v - 20. Suppose -k - 4*k + u = 0. What is the units digit of k?
6
Let d be (3/(-9))/((-2)/6). What is the units digit of d - (-4 - (0 + -1))?
4
What is the units digit of (21/(-14))/(6/(-352))?
8
Let s be ((-2)/7)/(1/(-7)). Suppose 0 = 4*t, s*t = 4*o - 2*o - 4. Suppose 7*u = 3*h + o*u - 6, -4 = -2*h - 4*u. What is the units digit of h?
2
Let w be (-6)/27 - 40/(-18). Suppose 2*b + 3*b - j - 22 = 0, -w*b - 4*j = -22. Suppose -y = -5*l + 45, -l = -5*l + b*y + 15. What is the tens digit of l?
1
Let x(b) = -159*b - 2. What is the tens digit of x(-1)?
5
Let p(l) = -l**3 - 2*l**2 + 5*l - 3. Let j(t) = -2*t + 8. Let v be j(7). Let g(h) = -h**2 - 4*h + 8. Let a be g(v). What is the units digit of p(a)?
9
Let z = 48 - 34. Suppose 3*i - 1 = -3*f + 23, -f - 3*i = -4. Let b = z - f. What is the units digit of b?
4
Let k(d) = d**2 + d + 11. Let o be k(0). Let q = 24 + -25. What is the units digit of q*o*(2 - 3)?
1
Let a(r) = -r**3 + 11*r**2 - 11*r + 13. Let d(c) = c**2 - 3*c + 1. Let q be d(4). Let t(b) = 3*b - 5. Let u be t(q). What is the units digit of a(u)?
3
Let h be ((-10)/15)/((-1)/(-3)). Let u be 1*h*(-3 - -2). Let w = u + -1. What is the units digit of w?
1
Let r(l) = -l**3 + 2*l**2 + 2. Let a be r(-2). Suppose -3*f - a = -4*o + 15, -4*f = -20. Suppose o = -4*b + 28. What is the units digit of b?
4
Let d = -3 + 3. Suppose -i + 2*i - 5 = d. Suppose -3*c = -5*q + 35, -45 = -5*q - i*c - 10. What is the units digit of q?
7
Suppose -2 + 6 = f. Let j = 38 - 56. What is the units digit of (f/3)/((-3)/j)?
8
Let f(l) = l. Let b be f(-2). Let d(v) = v**3 + 4*v**2 + 2*v - 2. Let j be d(b). What is the units digit of (j/6)/(3/63)?
7
Let n be -2*((-9)/2)/3. Suppose 0 = 2*s - n*s + 10. Let v = s + -2. What is the units digit of v?
8
Let q be (-2)/(-4) + (-21)/2. Suppose 5*y + 3 = -3*f - 27, 5*y = 4*f + 5. Let w = f - q. What is the units digit of w?
5
Let i = -4 - -2. Let r = 4 + i. What is the units digit of r?
2
Let w = -244 + 351. What is the hundreds digit of w?
1
Let d(i) = 4*i + 1. Let a(f) = 3*f + 1. Let k(w) = 5*a(w) - 4*d(w). What is the units digit of k(-4)?
5
Let m = -2 + 7. Let s(o) = -7*o**2 + 3*o. Let k(t) = 6*t**2 - 3*t - 1. Let v(h) = 6*k(h) + 5*s(h). What is the units digit of v(m)?
4
Suppose 0 = -5*n + 262 - 2. What is the units digit of n?
2
Let w be 5/((-5)/(-86)) - 2. Suppose w = 7*a - 3*a + 3*b, 3*a + b = 58. What is the units digit of a?
8
Let b = 102 - 60. Let q = b + -9. What is the tens digit of q?
3
Suppose -2*w = -4*p - 56, w - 3*p - 37 = -6. Let h be 10/15 - w/6. What is the units digit of ((-2 - -2) + -1)*h?
3
Let v(h) = 51*h + 51. Let a(z) = 5*z + 5. Let g(s) = 21*a(s) - 2*v(s). Let b(x) = 5*x + 6. Let r(n) = 4*b(n) - 7*g(n). What is the units digit of r(0)?
3
Let u = 526 - 310. What is the units digit of u?
6
Suppose -p + 136 = 4*f, -4*p = f + 3*f - 520. What is the units digit of p?
8
Let p = 17 + -35. Let b(f) = -f**2 + 8*f - 10. Let m be b(7). What is the units digit of (-1)/((m/p)/(-1))?
6
Let x = -2 - -5. Suppose -2*c = -x - 1. What is the units digit of c?
2
Let s be (-6 + 5)*(-6 + 1). Let w = s - -2. Suppose w*j = 3*j + 24. What is the units digit of j?
6
Let r(t) = -4*t**2. Let y(l) be the first derivative of -l**3 + l**2/2 + l + 2. Let b(o) = -2*r(o) + 3*y(o). What is the units digit of b(3)?
3
What is the units digit of (-5 + 4)/((-2)/(-1 + 63))?
1
Suppose f = -4*f + 130. Suppose -2*m + f = 4*h, -43 = -4*m - h + 2*h. What is the units digit of m?
1
What is the hundreds digit of (-3)/(-3) - (-495 - -3)/3?
1
Let j = 6 - -38. What is the units digit of j?
4
Let h = 7 + -10. What is the units digit of (h - -4)/((-1)/(-6))?
6
Let s be 1/3 + 41/3. What is the units digit of s - (3 - 2) - -1?
4
What is the units digit of (-1)/4 - (-1930)/8?
1
Let f(t) = -t**3 - 11*t**2 - 10*t + 2. Let b be f(-10). Suppose 5*v - b*d - 52 = 0, 0*v - 4*d = v - 28. What is the units digit of v?
2
Let a be 4/(-2*2/12). Suppose 0 = g + 1 + 4. Let y = g - a. What is the units digit of y?
7
Suppose -l + 10 = o, 5*l - 5*o = -o + 14. What is the tens digit of (-12)/l*54/(-4)?
2
Let u(p) = -p**3 - 9*p**2 + 14*p + 2. What is the units digit of u(-11)?
0
Let z be 7 - 2/(-1 - -2). Let x(h) = h + h - z + h. What is the units digit of x(5)?
0
What is the units digit of 56 + 0 + 1 - -1?
8
Let i = -103 + 33. What is the units digit of i/(-8) - 3/(-12)?
9
Let o be 3/6*38*1. Let x = -13 + o. What is the units digit of x?
6
Let p(g) = 12*g**2 - g - 4. What is the units digit of p(-2)?
6
Suppose -5*f = -2*f - 84. Suppose -h + f = h. What is the tens digit of h?
1
Let o be -20*3/((-15)/(-2)). Let d be (-18)/(-8) + 2/o. What is the units digit of (-4 + 0)/d + 5?
3
Let r = 316 - 146. What is the hundreds digit of r?
1
Let g(w) = -w**2 + 7*w - 9. Suppose -m - 5*t = -32, -4*m + 2*t = 8 - 26. Let a be g(m). What is the units digit of a/15 + 43/5?
8
Suppose 0 = 5*g - 4*n - 41, -4*n + 5*n = 4*g - 35. Suppose g = 2*f - f. What is the units digit of f?
9
Let w = 196 + -54. What is the tens digit of w?
4
Let g(s) = s**3 - 6*s**2 - s + 5. Let i be g(6). Let a be -1*(-2 + i)*1. Suppose -7*v = -a*v - 28. What is the units digit of v?
7
Suppose -29 = -w - 5*b, -3*w - 19 = -4*w - 3*b. Suppose w*d + 0*d = 40. What is the units digit of d?
0
Suppose 4*x = 15 - 3. Let w(s) = s**2 - 3*s + 1. What is the units digit of w(x)?
1
Let j be (0 - 1)*(4 - 13). Suppose i = 2*i - j. Suppose -i = s - 4, -s - 13 = -2*u. What is the units digit of u?
4
Let y = 2 + 55. What is the tens digit of y?
5
Let l be (14/(-8))/((-5)/60). Suppose -s + 5*b - 9 = 0, 5*s - 2*s - l = -b. What is the units digit of s?
6
Let k = -97 - -63. What is the units digit of (-16)/40 + k/(-10)?
3
Suppose 4*b - 3*b = -3, -2*b - 14 = -4*l. Suppose 4*t = l*t. Suppose 3*x - 3*m + t*m - 33 = 0, 3*m + 27 = 2*x. What is the units digit of x?
6
Let w be 2/3*(17 + 1). Let z be 56/w - 2/3. Suppose -z*f + 0 = 4*q - 4, 11 = 3*q + f. What is the units digit of q?
5
Let n(k) = 6*k**2 + 28*k + 2. What is the tens digit of n(-9)?
3
Let k(h) = 4*h - 1. Let s be k(1). Let j(y) = 5*y**2 - 4*y + 2. What is the tens digit of j(s)?
3
What is the units digit of (1/(-3))/((-1)/51)?
7
Let z = -27 - 27. Let j = z + 97. What is the units digit of j?
3
Let b(x) = -20*x + 1. What is the tens digit of b(-3)?
6
Suppose 20 = 4*p - 6*p. L